 42 + (-8)/d + 2?
4
Suppose -6 = -6*m - 0*m. Suppose -10 = -2*i, -2*g + i - 4*i = -19. Let z = m + g. What is the units digit of z?
3
Suppose m - 3*g - 3476 = 0, m - 5*m - 2*g = -13946. What is the hundreds digit of m?
4
Suppose 0 = 3*k + 3*z - 756, -k - 5*z = 114 - 362. Suppose -227 - k = -6*g. What is the units digit of g?
0
Let p(i) = -3*i - 43. Let m(a) = 1. Let c(y) = -4*m(y) - p(y). What is the units digit of c(15)?
4
Suppose -13 = -3*w + 2. Suppose w*m - 14 = 2*u + 630, -m - u = -133. What is the tens digit of m?
3
Suppose 0*a - 3*a + k = -16, -3*a = -2*k - 11. Let p be 0 - (-3 + a) - 21. What is the tens digit of p/(-2) - (-2)/4?
1
Suppose 3*m - 613 = -2*u + 4*m, -2*u - 5*m = -583. What is the hundreds digit of u?
3
Let h = -16 + 18. Let x(v) = -5*v**2 + h*v**3 - 3*v**3 - 2 - 5 - 5*v. What is the units digit of x(-5)?
8
Let q be (148/6)/(2/3). Let a be q + (3 - (-1 + 2)). Suppose 3*x - 19 = -4*d + 22, d - 5*x = a. What is the units digit of d?
4
Let z(i) = 11*i**2 - i - 40. What is the tens digit of z(7)?
9
Suppose -342 = -2*f - 972. Let b be ((-1)/5)/(9/f). What is the units digit of 60/(-105) + 312/b?
4
Let f(g) = -6*g**3 - g**2 + 11*g + 39. What is the hundreds digit of f(-8)?
9
Let p(s) = -s**3 + 18*s**2 + 14*s - 6. Let h be p(19). Let t = h - -144. What is the tens digit of t?
4
Let j = -16 + 20. Suppose j*t = 42 + 110. What is the tens digit of t?
3
What is the units digit of 35670/50 + 6/10?
4
Suppose 3*o + 26*v - 23*v - 14727 = 0, -8 = -2*v. What is the thousands digit of o?
4
Suppose -1442*g + 10464 = -1430*g. What is the tens digit of g?
7
Let l(f) = f**2 - f - 1. Let b(i) = i**3 - 4*i**2 - 20*i - 1. Let u(d) = b(d) - 5*l(d). Let q be u(10). Let a = q + 71. What is the tens digit of a?
2
Let n(w) = -6*w**2 + 9*w - 1. Let m be n(4). Let i = -35 - m. What is the units digit of i?
6
Suppose -15 = -4*w + 29. What is the hundreds digit of 560/(-6)*(w/2 + -7)?
1
What is the units digit of ((-32)/(-28))/(5/140)?
2
Suppose -3*q + 68 = -q. Let a(n) = n**3 - 18*n**2 + n - 18. Let t be a(18). Let b = q - t. What is the units digit of b?
4
Suppose -11*j + 11853 = -2*j. What is the hundreds digit of j?
3
Let t be (2 + -2)*1/(-3). Suppose t = -2*j - 4*d, 0*d - 5*d - 11 = -3*j. What is the units digit of j?
2
What is the units digit of (14/8)/(15/15600)?
0
Suppose 1909 = s - 5*f, s - 7652 = -3*s + 4*f. What is the units digit of s?
4
Let z = 1346 + 3. What is the hundreds digit of z?
3
Let d be (-81)/6 - 4/8. Let u = 22 - d. What is the tens digit of u?
3
Suppose -16 = -2*y - 2*p, 2*p + 2 = -y + 3*p. Suppose 0*j - y = -j. Suppose -j*d = -x - d + 43, 3*d + 83 = 2*x. What is the units digit of x?
7
Let h = -34 + 574. Let u = -288 + h. What is the hundreds digit of u?
2
Let q = -17 - -3. Let o = 4 - q. Suppose 2*r + 5*b = -23, r - 3*b - o = -2*r. What is the units digit of r?
1
Suppose 422 = 3*s - 2*z + 3*z, 0 = s - 4*z - 119. What is the units digit of s?
9
Let m be (0 - 1)/(-2)*26. Suppose -m*c = -10*c - 18. What is the units digit of c?
6
Let v be ((-406)/(-4))/((-15)/(-90)). Suppose 0 = -4*i - 3*i + v. What is the units digit of i?
7
Let a be 10 + -1 + -2 + 0. Suppose 0*m - 7 = a*m. What is the units digit of 2*2*(m - -2)?
4
Suppose 3*a - 4*f = -43, -27 = a - 3*f + 8*f. Let i = a + 17. Suppose 0 = -i*g - 2*g + 120. What is the units digit of g?
0
What is the hundreds digit of 545*(-42)/(-35) + (1 - 0)?
6
Let h(g) be the first derivative of g**4/4 - 5*g**3/3 + g**2 - 7*g + 28. Let m = -8 - -13. What is the units digit of h(m)?
3
Suppose -d - 117 = -545. What is the tens digit of d?
2
Let z = 1110 + -394. What is the units digit of z?
6
Suppose 2*h + 0*h - 832 = -b, -3*h + 1258 = -b. What is the hundreds digit of h?
4
Let r(l) = -7*l + 1. Let f be r(-9). Suppose -i - f = -5*i. What is the units digit of i?
6
Let f = 140 - -119. Suppose -7*o + 1211 - f = 0. What is the units digit of o?
6
Suppose 46*h - 34*h - 17184 = 0. What is the hundreds digit of h?
4
Let l(f) = -598*f - 25. What is the units digit of l(-3)?
9
Let f(q) = 34*q**2 - q. Let x be f(2). Suppose -68 = -10*a - 18. Suppose 61 = a*o - x. What is the units digit of o?
9
Let f be (-1)/5 + 6/5. Suppose 0 = 4*i - 3*b - 8, 0*i = -2*i + 5*b - 10. Suppose i*v - 35 = 5*h, f = -2*v - 5*h + 36. What is the tens digit of v?
1
Let b = -72 + -121. Let l = b + 90. Let s = -36 - l. What is the tens digit of s?
6
Let c(h) = h**2 - 5*h - 5. Suppose 0*g + 4*i = -4*g + 24, 4*i = -2*g + 12. Let o be (-16)/g*15/(-5). What is the tens digit of c(o)?
1
Suppose 6419 = 5*d + r, -2*d + 6*r + 2562 = 5*r. What is the units digit of d?
3
Suppose 18404 = 10*k - 5576. What is the units digit of k?
8
Suppose -3*b + 49 = -2*o, 2*b - 2*o = -0*b + 36. Suppose -3*p - 5*v + 5 = -3*v, -v - 20 = -3*p. Suppose b*j - p = 8*j. What is the units digit of j?
1
Let m(h) = 3*h + 36. Let d be m(-11). Suppose -5*u + 785 = 5*j, -3*j + 11 = -d*u + 506. What is the tens digit of u?
6
Let l be ((-8)/(-12))/((-1)/3). Suppose 0*w - 6 = -w. What is the units digit of (3/((-9)/w))/l?
1
Let n be (-2)/8 - 85/(-20). What is the units digit of ((-90)/n)/(6/(-8))?
0
Let c = -38 - -21. Let t = -14 - c. What is the tens digit of (-13)/t*(-8 + -1)?
3
Let i be (1073*1 - 1)*(-6)/(-12). Suppose 11*u - 311 = i. What is the tens digit of u?
7
Let l be (-7)/(-4)*32/(-8). Let u(t) = -t**2 - 14*t - 5. What is the units digit of u(l)?
4
Let m = -80 + 12. Let g = -39 - m. What is the units digit of g?
9
Suppose -10*v = -6*v - 16. Suppose -v*w = -188 - 52. What is the units digit of w?
0
Let w = -48 + 52. Suppose -w*z = -3*x - 384, -3*x - 627 = -5*z - 147. What is the tens digit of z?
9
Suppose 3*l + 15 = 0, -c = -l - 3*l - 22. Suppose 3*y - 809 = -4*z, 0*y = c*y + 10. Suppose 6 = -3*d, 5*n - n + 3*d - z = 0. What is the units digit of n?
3
Suppose -y + 84 = 3*y. Suppose 4*v - 3 = y. What is the units digit of 3/(-6)*v + 32?
9
Let t(k) = 5*k**3 + 22*k**2 + 9*k + 7. Let j(q) = 9*q**3 + 43*q**2 + 18*q + 14. Let f(p) = 4*j(p) - 7*t(p). What is the units digit of f(-17)?
3
Let m be ((-4)/16)/(-1) - (-166)/8. Let q = 56 - m. What is the units digit of q?
5
Let q = 323 - -12. What is the tens digit of q?
3
Suppose 3*h - 150 = -810. Let d = -108 - h. What is the tens digit of d?
1
Suppose -44*p + 38654 = -91058. What is the thousands digit of p?
2
Suppose 28*r + 4*h - 756 = 24*r, h = -2*r + 374. What is the tens digit of r?
8
Let j = -14 - -47. Suppose 0 = 3*v + 2*n - 76, 0 = 3*v + 3*n - j - 39. What is the units digit of v?
8
Let x(i) = 130*i - 443. What is the hundreds digit of x(11)?
9
Let q(w) = w**3 + 8*w**2 + 5*w - 9. Let j = -16 - -40. Suppose 0*x + 4*x + j = 0. What is the units digit of q(x)?
3
Let t(i) = i**2 + 3*i + 43. What is the tens digit of t(19)?
6
Let g(b) = b**3 - b**2 + b. Let k be g(1). Suppose -4*r + 3*r = -k. What is the units digit of r?
1
Let j be (14 - 21)*(-6)/7. Suppose 3*o - u - j = -3*u, -15 = -5*u. Suppose 40 = 3*k + 2*n, 5*k - n - 45 = -o. What is the units digit of k?
0
Let w be (-4)/(-6)*105/(-14). Let l(p) = -24*p - 2. What is the tens digit of l(w)?
1
Suppose 0*i + i - 89 = -3*z, -4*z + 122 = 2*i. Suppose 14 = -2*o + z. Suppose -3*m = -o*m + 84. What is the tens digit of m?
2
Suppose -3*k + 150 = s, 4*s + 3*k - 27 = 546. What is the units digit of s?
1
Suppose 25*y - 39451 + 12326 = 0. What is the thousands digit of y?
1
Let v be 3/(1 - (0 - -2)). Let h be (-2 - -2) + 2 + -5. What is the tens digit of v + 9/h + 39?
3
Let g = -59 - -60. What is the tens digit of (9 + -4 - 5) + 144 + g?
4
Suppose -21*y + 20*y = -4. Suppose -4*l = y*m - 38 - 54, -2*l + 3*m = -26. What is the tens digit of l?
1
Let a be ((1 + 2)*-1)/(34 + -37). What is the units digit of 151 + -3 + (-1)/a?
7
Let p be (-6)/10*90/(-18). Let n be 1 + p/((-15)/(-380)). Let g = -15 + n. What is the units digit of g?
2
What is the units digit of (-2685)/(-4) + 9/(-36)?
1
Suppose 2*t + t - 158 = -2*d, 2*d - 158 = -4*t. Suppose 0 = -3*p - 3*b + 249, -262 - d = -4*p - b. What is the tens digit of p?
8
Let g = 1444 + -690. What is the hundreds digit of g?
7
Suppose 6*f - 5*f - 287 = 0. Suppose -3*m - 5*d + 356 = -f, -m - 5*d + 221 = 0. What is the units digit of m?
1
Suppose -2*z = 28 - 40. Suppose -110 = u - z*u. What is the tens digit of u?
2
Let a be (-22)/(-66) + 